{"id":1439,"date":"2022-11-18T16:51:16","date_gmt":"2022-11-18T15:51:16","guid":{"rendered":"https:\/\/www.boucherie-normande.com\/traiteur-wazemmes\/?page_id=1439"},"modified":"2023-03-08T08:43:22","modified_gmt":"2023-03-08T07:43:22","slug":"la-boucherie-normande-cest-fini","status":"publish","type":"page","link":"https:\/\/www.boucherie-normande.com\/traiteur-wazemmes\/la-boucherie-normande-cest-fini\/","title":{"rendered":"La Boucherie Normande : C&rsquo;est fini&#8230;"},"content":{"rendered":"<p><a href=\"https:\/\/www.boucherie-normande.com\/traiteur-wazemmes\/wp-content\/uploads\/2015\/03\/andre-fourchon.jpg\"><img loading=\"lazy\" decoding=\"async\" class=\"size-full wp-image-1436 aligncenter\" src=\"https:\/\/www.boucherie-normande.com\/traiteur-wazemmes\/wp-content\/uploads\/2015\/03\/andre-fourchon.jpg\" alt=\"\" width=\"880\" height=\"496\" srcset=\"https:\/\/www.boucherie-normande.com\/traiteur-wazemmes\/wp-content\/uploads\/2015\/03\/andre-fourchon.jpg 880w, https:\/\/www.boucherie-normande.com\/traiteur-wazemmes\/wp-content\/uploads\/2015\/03\/andre-fourchon-632x356.jpg 632w, https:\/\/www.boucherie-normande.com\/traiteur-wazemmes\/wp-content\/uploads\/2015\/03\/andre-fourchon-768x433.jpg 768w\" sizes=\"auto, (max-width: 880px) 100vw, 880px\" \/><\/a><\/p>\n<p><strong>Chers clients,<\/strong><\/p>\n<p><strong>Apr\u00e8s 25 ann\u00e9es pass\u00e9es rue L\u00e9on Gambetta, le temps est venu de nous retirer pour profiter d\u2019une retraite bien m\u00e9rit\u00e9e, je pense\u2026<\/strong><\/p>\n<p><strong>La boucherie charcuterie Normande nous aura apport\u00e9 beaucoup de satisfactions autour d\u2019une passion sans cesse renouvel\u00e9e. Mais tout ceci n\u2019aurait jamais exist\u00e9 sans notre superbe client\u00e8le, fid\u00e8le et surtout d\u2019une grande gentillesse et qualit\u00e9 de c\u0153ur \u00e0 notre \u00e9gard.<\/strong><\/p>\n<p><strong>Vous avez d\u2019ailleurs \u00e9t\u00e9 nombreux\/nombreuses \u00e0 t\u00e9moigner de beaucoup d\u2019attention et de compassion \u00e0 l\u2019occasion de notre d\u00e9part.<\/strong><\/p>\n<p><strong>Ceci est notre derni\u00e8re parution et nous remercions encore du fond du c\u0153ur et le plus chaleureusement possible tous les clients, amis et fid\u00e8les de notre magasin auxquels nous resterons \u00e0 jamais attach\u00e9s.<\/strong><\/p>\n<p><strong>Bien \u00e0 vous, Mr et Mme FOURCHON.<\/strong><\/p>\n","protected":false},"excerpt":{"rendered":"<p>Chers clients, Apr\u00e8s 25 ann\u00e9es pass\u00e9es rue L\u00e9on Gambetta, le temps est venu de nous retirer pour profiter d\u2019une retraite bien m\u00e9rit\u00e9e, je pense\u2026 La boucherie charcuterie Normande nous aura apport\u00e9 beaucoup de satisfactions autour d\u2019une passion sans cesse renouvel\u00e9e&#8230;.<br \/><a class=\"read-more-button\" href=\"https:\/\/www.boucherie-normande.com\/traiteur-wazemmes\/la-boucherie-normande-cest-fini\/\">Savoir plus<\/a><\/p>\n","protected":false},"author":1,"featured_media":0,"parent":0,"menu_order":0,"comment_status":"open","ping_status":"closed","template":"template-full-width.php","meta":{"footnotes":""},"class_list":["post-1439","page","type-page","status-publish","hentry"],"aioseo_notices":[],"_links":{"self":[{"href":"https:\/\/www.boucherie-normande.com\/traiteur-wazemmes\/wp-json\/wp\/v2\/pages\/1439","targetHints":{"allow":["GET"]}}],"collection":[{"href":"https:\/\/www.boucherie-normande.com\/traiteur-wazemmes\/wp-json\/wp\/v2\/pages"}],"about":[{"href":"https:\/\/www.boucherie-normande.com\/traiteur-wazemmes\/wp-json\/wp\/v2\/types\/page"}],"author":[{"embeddable":true,"href":"https:\/\/www.boucherie-normande.com\/traiteur-wazemmes\/wp-json\/wp\/v2\/users\/1"}],"replies":[{"embeddable":true,"href":"https:\/\/www.boucherie-normande.com\/traiteur-wazemmes\/wp-json\/wp\/v2\/comments?post=1439"}],"version-history":[{"count":4,"href":"https:\/\/www.boucherie-normande.com\/traiteur-wazemmes\/wp-json\/wp\/v2\/pages\/1439\/revisions"}],"predecessor-version":[{"id":1467,"href":"https:\/\/www.boucherie-normande.com\/traiteur-wazemmes\/wp-json\/wp\/v2\/pages\/1439\/revisions\/1467"}],"wp:attachment":[{"href":"https:\/\/www.boucherie-normande.com\/traiteur-wazemmes\/wp-json\/wp\/v2\/media?parent=1439"}],"curies":[{"name":"wp","href":"https:\/\/api.w.org\/{rel}","templated":true}]}}