{"id":853,"date":"2018-11-29T10:19:18","date_gmt":"2018-11-29T09:19:18","guid":{"rendered":"http:\/\/www.boucherie-normande.com\/traiteur-wazemmes\/?page_id=853"},"modified":"2023-03-08T09:19:13","modified_gmt":"2023-03-08T08:19:13","slug":"la-volaille-selon-cathy-fourchon-le-coq-hardi","status":"publish","type":"page","link":"https:\/\/www.boucherie-normande.com\/traiteur-wazemmes\/","title":{"rendered":"La volaille selon Cathy Fourchon \/ Le Coq Hardi"},"content":{"rendered":"<div class=\"content-headline\">\n<h1 class=\"entry-headline title single-title entry-title\"><span class=\"entry-headline-text\">Le Coq Hardi :<\/span><\/h1>\n<\/div>\n<div class=\"entry-content\">\n<p class=\"Style1\">Cr\u00e9\u00e9 en 2005 suite \u00e0 une saturation des demandes en volailles au niveau de la boucherie, le Coq Hardi vous accueille le mardi, mercredi, jeudi de 8h00 \u00e013h00 ; Le vendredi et le samedi de 8h00 \u00e0 19h30 ; Le dimanche de 8h00 \u00e0 14h30 \/ Halles de Wazemmes 59000 Lille.<\/p>\n<p><iframe loading=\"lazy\" src=\"https:\/\/www.facebook.com\/plugins\/video.php?height=314&#038;href=https%3A%2F%2Fwww.facebook.com%2F100057569233204%2Fvideos%2F2094599244130817%2F&#038;show_text=false&#038;width=560&#038;t=0\" width=\"560\" height=\"314\" style=\"border:none;overflow:hidden\" scrolling=\"no\" frameborder=\"0\" allowfullscreen=\"true\" allow=\"autoplay; clipboard-write; encrypted-media; picture-in-picture; web-share\" allowFullScreen=\"true\"><\/iframe><br \/>\n&nbsp;<\/p>\n<blockquote>\n<h2>Pour contacter le Coq Hardi de Wazemmes, merci de composer le <strong>03.20.85.26.58<\/strong><\/h2>\n<\/blockquote>\n<p class=\"Style1\"><strong><a href=\"http:\/\/www.boucherie-normande.com\/traiteur-wazemmes\/wp-content\/uploads\/2018\/11\/horaires-coq-hardi-lille.jpg\"><img loading=\"lazy\" decoding=\"async\" class=\"size-full wp-image-860 alignleft\" src=\"http:\/\/www.boucherie-normande.com\/traiteur-wazemmes\/wp-content\/uploads\/2018\/11\/horaires-coq-hardi-lille.jpg\" alt=\"\" width=\"300\" height=\"379\" \/><\/a>Qu\u2019y trouve t-on ?<\/strong><br \/>\nDe la volaille \u00e0 la coupe, label rouge et du gibier, le tout sous la direction de<strong>\u00a0Cathy Fourchon<\/strong>, qui saura vous guider dans vos choix sans \u00eatre avare de conseils et de secrets de recettes ! Comme pour la boucherie Normande, c\u2019est encore une fois l\u2019accueil et la qualit\u00e9 des produits qui vous s\u00e9duiront\u2026<\/p>\n<p><strong><a href=\"http:\/\/www.boucherie-normande.com\/traiteur-wazemmes\/bien-choisir-sa-volaille-katy-vous-explique\/\">Pour vous aider dans vos choix de volailles pour vos repas de famille, vos f\u00eates, no\u00ebl ou \u00e9v\u00e9nements, Cathy vous donne quelques conseils et astuces !<\/a><\/strong><\/p>\n<div align=\"justify\">\n<h2 class=\"Style1\"><strong><a href=\"https:\/\/www.boucherie-normande.com\/traiteur-wazemmes\/les-halles-de-wazemmes\/\">Wazemmes et ses Halles<\/a> :<\/strong><\/h2>\n<p class=\"Style1\">Quartier r\u00e9put\u00e9 \u00ab\u00a0populaire\u00a0\u00bb de l\u2019agglom\u00e9ration Lilloise, Wazemmes brille par sa population cosmopolite et sa richesse commerciale. C\u2019est en 1869 que le march\u00e9 couvert de Wazemmes sort de terre, sur la place qui porte son nom, centre n\u00e9vralgique de ce quartier toujours en \u00e9bullition\u2026 L\u2019objectif de cet endroit est alors de ravitailler les Lillois en nourritures diverses et produits de tous les jours.<\/p>\n<p class=\"Style1\">Des commer\u00e7ants y entreposent leurs denr\u00e9es tous les mardis, jeudis et dimanches. Les Halles de la place Nouvelle Aventure attenants \u00e0 ce march\u00e9, regroupent quant \u00e0 eux des vendeurs s\u00e9dentaires.<br \/>\nAujourd\u2019hui cet endroit est plus que jamais vivant, agr\u00e9ment\u00e9 de terrasses de caf\u00e9, de restaurants prestigieux et autres commerces. Wazemmes est un des endroits les plus branch\u00e9s de Lille.<\/p>\n\n\t\t<style type=\"text\/css\">\n\t\t\t#gallery-1 {\n\t\t\t\tmargin: auto;\n\t\t\t}\n\t\t\t#gallery-1 .gallery-item {\n\t\t\t\tfloat: left;\n\t\t\t\tmargin-top: 10px;\n\t\t\t\ttext-align: center;\n\t\t\t\twidth: 33%;\n\t\t\t}\n\t\t\t#gallery-1 img {\n\t\t\t\tborder: 2px solid #cfcfcf;\n\t\t\t}\n\t\t\t#gallery-1 .gallery-caption {\n\t\t\t\tmargin-left: 0;\n\t\t\t}\n\t\t\t\/* see gallery_shortcode() in wp-includes\/media.php *\/\n\t\t<\/style>\n\t\t<div id='gallery-1' class='gallery galleryid-853 gallery-columns-3 gallery-size-thumbnail'><dl class='gallery-item'>\n\t\t\t<dt class='gallery-icon landscape'>\n\t\t\t\t<a href='https:\/\/www.boucherie-normande.com\/traiteur-wazemmes\/la-volaille-selon-cathy-fourchon-le-coq-hardi\/coq-hardi-wazemmes-1\/'><img loading=\"lazy\" decoding=\"async\" width=\"420\" height=\"280\" src=\"https:\/\/www.boucherie-normande.com\/traiteur-wazemmes\/wp-content\/uploads\/2018\/11\/coq-hardi-wazemmes-1-420x280.jpg\" class=\"attachment-thumbnail size-thumbnail\" alt=\"\" \/><\/a>\n\t\t\t<\/dt><\/dl><dl class='gallery-item'>\n\t\t\t<dt class='gallery-icon landscape'>\n\t\t\t\t<a href='https:\/\/www.boucherie-normande.com\/traiteur-wazemmes\/la-volaille-selon-cathy-fourchon-le-coq-hardi\/coq-hardi-wazemmes-2-2\/'><img loading=\"lazy\" decoding=\"async\" width=\"420\" height=\"280\" src=\"https:\/\/www.boucherie-normande.com\/traiteur-wazemmes\/wp-content\/uploads\/2018\/11\/coq-hardi-wazemmes-2-1-420x280.jpg\" class=\"attachment-thumbnail size-thumbnail\" alt=\"\" \/><\/a>\n\t\t\t<\/dt><\/dl><dl class='gallery-item'>\n\t\t\t<dt class='gallery-icon landscape'>\n\t\t\t\t<a href='https:\/\/www.boucherie-normande.com\/traiteur-wazemmes\/la-volaille-selon-cathy-fourchon-le-coq-hardi\/coq-hardi-wazemmes-3\/'><img loading=\"lazy\" decoding=\"async\" width=\"420\" height=\"280\" src=\"https:\/\/www.boucherie-normande.com\/traiteur-wazemmes\/wp-content\/uploads\/2018\/11\/coq-hardi-wazemmes-3-420x280.jpg\" class=\"attachment-thumbnail size-thumbnail\" alt=\"\" \/><\/a>\n\t\t\t<\/dt><\/dl><br style=\"clear: both\" \/><dl class='gallery-item'>\n\t\t\t<dt class='gallery-icon landscape'>\n\t\t\t\t<a href='https:\/\/www.boucherie-normande.com\/traiteur-wazemmes\/la-volaille-selon-cathy-fourchon-le-coq-hardi\/coq-hardi-wazemmes-4-2\/'><img loading=\"lazy\" decoding=\"async\" width=\"420\" height=\"280\" src=\"https:\/\/www.boucherie-normande.com\/traiteur-wazemmes\/wp-content\/uploads\/2018\/11\/coq-hardi-wazemmes-4-1-420x280.jpg\" class=\"attachment-thumbnail size-thumbnail\" alt=\"\" \/><\/a>\n\t\t\t<\/dt><\/dl><dl class='gallery-item'>\n\t\t\t<dt class='gallery-icon landscape'>\n\t\t\t\t<a href='https:\/\/www.boucherie-normande.com\/traiteur-wazemmes\/la-volaille-selon-cathy-fourchon-le-coq-hardi\/coq-hardi-wazemmes-5\/'><img loading=\"lazy\" decoding=\"async\" width=\"420\" height=\"280\" src=\"https:\/\/www.boucherie-normande.com\/traiteur-wazemmes\/wp-content\/uploads\/2018\/11\/coq-hardi-wazemmes-5-420x280.jpg\" class=\"attachment-thumbnail size-thumbnail\" alt=\"\" \/><\/a>\n\t\t\t<\/dt><\/dl><dl class='gallery-item'>\n\t\t\t<dt class='gallery-icon landscape'>\n\t\t\t\t<a href='https:\/\/www.boucherie-normande.com\/traiteur-wazemmes\/la-volaille-selon-cathy-fourchon-le-coq-hardi\/coq-hardi-wazemmes-6\/'><img loading=\"lazy\" decoding=\"async\" width=\"420\" height=\"280\" src=\"https:\/\/www.boucherie-normande.com\/traiteur-wazemmes\/wp-content\/uploads\/2018\/11\/coq-hardi-wazemmes-6-420x280.jpg\" class=\"attachment-thumbnail size-thumbnail\" alt=\"\" \/><\/a>\n\t\t\t<\/dt><\/dl><br style=\"clear: both\" \/><dl class='gallery-item'>\n\t\t\t<dt class='gallery-icon landscape'>\n\t\t\t\t<a href='https:\/\/www.boucherie-normande.com\/traiteur-wazemmes\/la-volaille-selon-cathy-fourchon-le-coq-hardi\/coq-hardi-wazemmes-7\/'><img loading=\"lazy\" decoding=\"async\" width=\"420\" height=\"280\" src=\"https:\/\/www.boucherie-normande.com\/traiteur-wazemmes\/wp-content\/uploads\/2018\/11\/coq-hardi-wazemmes-7-420x280.jpg\" class=\"attachment-thumbnail size-thumbnail\" alt=\"\" \/><\/a>\n\t\t\t<\/dt><\/dl><dl class='gallery-item'>\n\t\t\t<dt class='gallery-icon portrait'>\n\t\t\t\t<a href='https:\/\/www.boucherie-normande.com\/traiteur-wazemmes\/la-volaille-selon-cathy-fourchon-le-coq-hardi\/horaires-coq-hardi-lille-2\/'><img loading=\"lazy\" decoding=\"async\" width=\"300\" height=\"280\" src=\"https:\/\/www.boucherie-normande.com\/traiteur-wazemmes\/wp-content\/uploads\/2018\/11\/horaires-coq-hardi-lille-1-300x280.jpg\" class=\"attachment-thumbnail size-thumbnail\" alt=\"\" \/><\/a>\n\t\t\t<\/dt><\/dl>\n\t\t\t<br style='clear: both' \/>\n\t\t<\/div>\n\n<\/div>\n<\/div>\n","protected":false},"excerpt":{"rendered":"<p>Le Coq Hardi : Cr\u00e9\u00e9 en 2005 suite \u00e0 une saturation des demandes en volailles au niveau de la boucherie, le Coq Hardi vous accueille le mardi, mercredi, jeudi de 8h00 \u00e013h00 ; Le vendredi et le samedi de 8h00&#8230;<br \/><a class=\"read-more-button\" href=\"https:\/\/www.boucherie-normande.com\/traiteur-wazemmes\/\">Savoir plus<\/a><\/p>\n","protected":false},"author":1,"featured_media":854,"parent":0,"menu_order":0,"comment_status":"closed","ping_status":"closed","template":"template-full-width.php","meta":{"footnotes":""},"class_list":["post-853","page","type-page","status-publish","has-post-thumbnail","hentry"],"aioseo_notices":[],"_links":{"self":[{"href":"https:\/\/www.boucherie-normande.com\/traiteur-wazemmes\/wp-json\/wp\/v2\/pages\/853","targetHints":{"allow":["GET"]}}],"collection":[{"href":"https:\/\/www.boucherie-normande.com\/traiteur-wazemmes\/wp-json\/wp\/v2\/pages"}],"about":[{"href":"https:\/\/www.boucherie-normande.com\/traiteur-wazemmes\/wp-json\/wp\/v2\/types\/page"}],"author":[{"embeddable":true,"href":"https:\/\/www.boucherie-normande.com\/traiteur-wazemmes\/wp-json\/wp\/v2\/users\/1"}],"replies":[{"embeddable":true,"href":"https:\/\/www.boucherie-normande.com\/traiteur-wazemmes\/wp-json\/wp\/v2\/comments?post=853"}],"version-history":[{"count":15,"href":"https:\/\/www.boucherie-normande.com\/traiteur-wazemmes\/wp-json\/wp\/v2\/pages\/853\/revisions"}],"predecessor-version":[{"id":1474,"href":"https:\/\/www.boucherie-normande.com\/traiteur-wazemmes\/wp-json\/wp\/v2\/pages\/853\/revisions\/1474"}],"wp:featuredmedia":[{"embeddable":true,"href":"https:\/\/www.boucherie-normande.com\/traiteur-wazemmes\/wp-json\/wp\/v2\/media\/854"}],"wp:attachment":[{"href":"https:\/\/www.boucherie-normande.com\/traiteur-wazemmes\/wp-json\/wp\/v2\/media?parent=853"}],"curies":[{"name":"wp","href":"https:\/\/api.w.org\/{rel}","templated":true}]}}

<div class="content-headline">
<h1 class="entry-headline title single-title entry-title"><span class="entry-headline-text">Le Coq Hardi :</span></h1>
</div>
<div class="entry-content">
<p class="Style1">Créé en 2005 suite à une saturation des demandes en volailles au niveau de la boucherie, le Coq Hardi vous accueille le mardi, mercredi, jeudi de 8h00 à13h00 ; Le vendredi et le samedi de 8h00 à 19h30 ; Le dimanche de 8h00 à 14h30 / Halles de Wazemmes 59000 Lille.</p>
<p><iframe loading="lazy" src="https://www.facebook.com/plugins/video.php?height=314&#038;href=https%3A%2F%2Fwww.facebook.com%2F100057569233204%2Fvideos%2F2094599244130817%2F&#038;show_text=false&#038;width=560&#038;t=0" width="560" height="314" style="border:none;overflow:hidden" scrolling="no" frameborder="0" allowfullscreen="true" allow="autoplay; clipboard-write; encrypted-media; picture-in-picture; web-share" allowFullScreen="true"></iframe><br />
&nbsp;</p>
<blockquote>
<h2>Pour contacter le Coq Hardi de Wazemmes, merci de composer le <strong>03.20.85.26.58</strong></h2>
</blockquote>
<p class="Style1"><strong><a href="http://www.boucherie-normande.com/traiteur-wazemmes/wp-content/uploads/2018/11/horaires-coq-hardi-lille.jpg"><img loading="lazy" decoding="async" class="size-full wp-image-860 alignleft" src="http://www.boucherie-normande.com/traiteur-wazemmes/wp-content/uploads/2018/11/horaires-coq-hardi-lille.jpg" alt="" width="300" height="379" /></a>Qu’y trouve t-on ?</strong><br />
De la volaille à la coupe, label rouge et du gibier, le tout sous la direction de<strong> Cathy Fourchon</strong>, qui saura vous guider dans vos choix sans être avare de conseils et de secrets de recettes ! Comme pour la boucherie Normande, c’est encore une fois l’accueil et la qualité des produits qui vous séduiront…</p>
<p><strong><a href="http://www.boucherie-normande.com/traiteur-wazemmes/bien-choisir-sa-volaille-katy-vous-explique/">Pour vous aider dans vos choix de volailles pour vos repas de famille, vos fêtes, noël ou événements, Cathy vous donne quelques conseils et astuces !</a></strong></p>
<div align="justify">
<h2 class="Style1"><strong><a href="https://www.boucherie-normande.com/traiteur-wazemmes/les-halles-de-wazemmes/">Wazemmes et ses Halles</a> :</strong></h2>
<p class="Style1">Quartier réputé « populaire » de l’agglomération Lilloise, Wazemmes brille par sa population cosmopolite et sa richesse commerciale. C’est en 1869 que le marché couvert de Wazemmes sort de terre, sur la place qui porte son nom, centre névralgique de ce quartier toujours en ébullition… L’objectif de cet endroit est alors de ravitailler les Lillois en nourritures diverses et produits de tous les jours.</p>
<p class="Style1">Des commerçants y entreposent leurs denrées tous les mardis, jeudis et dimanches. Les Halles de la place Nouvelle Aventure attenants à ce marché, regroupent quant à eux des vendeurs sédentaires.<br />
Aujourd’hui cet endroit est plus que jamais vivant, agrémenté de terrasses de café, de restaurants prestigieux et autres commerces. Wazemmes est un des endroits les plus branchés de Lille.</p>

		<style type="text/css">
			#gallery-1 {
				margin: auto;
			}
			#gallery-1 .gallery-item {
				float: left;
				margin-top: 10px;
				text-align: center;
				width: 33%;
			}
			#gallery-1 img {
				border: 2px solid #cfcfcf;
			}
			#gallery-1 .gallery-caption {
				margin-left: 0;
			}
			/* see gallery_shortcode() in wp-includes/media.php */
		</style>
		<div id='gallery-1' class='gallery galleryid-853 gallery-columns-3 gallery-size-thumbnail'><dl class='gallery-item'>
			<dt class='gallery-icon landscape'>
				<a href='https://www.boucherie-normande.com/traiteur-wazemmes/la-volaille-selon-cathy-fourchon-le-coq-hardi/coq-hardi-wazemmes-1/'><img loading="lazy" decoding="async" width="420" height="280" src="https://www.boucherie-normande.com/traiteur-wazemmes/wp-content/uploads/2018/11/coq-hardi-wazemmes-1-420x280.jpg" class="attachment-thumbnail size-thumbnail" alt="" /></a>
			</dt></dl><dl class='gallery-item'>
			<dt class='gallery-icon landscape'>
				<a href='https://www.boucherie-normande.com/traiteur-wazemmes/la-volaille-selon-cathy-fourchon-le-coq-hardi/coq-hardi-wazemmes-2-2/'><img loading="lazy" decoding="async" width="420" height="280" src="https://www.boucherie-normande.com/traiteur-wazemmes/wp-content/uploads/2018/11/coq-hardi-wazemmes-2-1-420x280.jpg" class="attachment-thumbnail size-thumbnail" alt="" /></a>
			</dt></dl><dl class='gallery-item'>
			<dt class='gallery-icon landscape'>
				<a href='https://www.boucherie-normande.com/traiteur-wazemmes/la-volaille-selon-cathy-fourchon-le-coq-hardi/coq-hardi-wazemmes-3/'><img loading="lazy" decoding="async" width="420" height="280" src="https://www.boucherie-normande.com/traiteur-wazemmes/wp-content/uploads/2018/11/coq-hardi-wazemmes-3-420x280.jpg" class="attachment-thumbnail size-thumbnail" alt="" /></a>
			</dt></dl><br style="clear: both" /><dl class='gallery-item'>
			<dt class='gallery-icon landscape'>
				<a href='https://www.boucherie-normande.com/traiteur-wazemmes/la-volaille-selon-cathy-fourchon-le-coq-hardi/coq-hardi-wazemmes-4-2/'><img loading="lazy" decoding="async" width="420" height="280" src="https://www.boucherie-normande.com/traiteur-wazemmes/wp-content/uploads/2018/11/coq-hardi-wazemmes-4-1-420x280.jpg" class="attachment-thumbnail size-thumbnail" alt="" /></a>
			</dt></dl><dl class='gallery-item'>
			<dt class='gallery-icon landscape'>
				<a href='https://www.boucherie-normande.com/traiteur-wazemmes/la-volaille-selon-cathy-fourchon-le-coq-hardi/coq-hardi-wazemmes-5/'><img loading="lazy" decoding="async" width="420" height="280" src="https://www.boucherie-normande.com/traiteur-wazemmes/wp-content/uploads/2018/11/coq-hardi-wazemmes-5-420x280.jpg" class="attachment-thumbnail size-thumbnail" alt="" /></a>
			</dt></dl><dl class='gallery-item'>
			<dt class='gallery-icon landscape'>
				<a href='https://www.boucherie-normande.com/traiteur-wazemmes/la-volaille-selon-cathy-fourchon-le-coq-hardi/coq-hardi-wazemmes-6/'><img loading="lazy" decoding="async" width="420" height="280" src="https://www.boucherie-normande.com/traiteur-wazemmes/wp-content/uploads/2018/11/coq-hardi-wazemmes-6-420x280.jpg" class="attachment-thumbnail size-thumbnail" alt="" /></a>
			</dt></dl><br style="clear: both" /><dl class='gallery-item'>
			<dt class='gallery-icon landscape'>
				<a href='https://www.boucherie-normande.com/traiteur-wazemmes/la-volaille-selon-cathy-fourchon-le-coq-hardi/coq-hardi-wazemmes-7/'><img loading="lazy" decoding="async" width="420" height="280" src="https://www.boucherie-normande.com/traiteur-wazemmes/wp-content/uploads/2018/11/coq-hardi-wazemmes-7-420x280.jpg" class="attachment-thumbnail size-thumbnail" alt="" /></a>
			</dt></dl><dl class='gallery-item'>
			<dt class='gallery-icon portrait'>
				<a href='https://www.boucherie-normande.com/traiteur-wazemmes/la-volaille-selon-cathy-fourchon-le-coq-hardi/horaires-coq-hardi-lille-2/'><img loading="lazy" decoding="async" width="300" height="280" src="https://www.boucherie-normande.com/traiteur-wazemmes/wp-content/uploads/2018/11/horaires-coq-hardi-lille-1-300x280.jpg" class="attachment-thumbnail size-thumbnail" alt="" /></a>
			</dt></dl>
			<br style='clear: both' />
		</div>

</div>
</div>

<p>Le Coq Hardi : Créé en 2005 suite à une saturation des demandes en volailles au niveau de la boucherie, le Coq Hardi vous accueille le mardi, mercredi, jeudi de 8h00 à13h00 ; Le vendredi et le samedi de 8h00&#8230;<br /><a class="read-more-button" href="https://www.boucherie-normande.com/traiteur-wazemmes/">Savoir plus</a></p>
